d derivative of s**5/20 + s**4/12 - s**3/6 + 11*s**2/2 - 7*s. What is the tens digit of z(0)?
1
Let q(k) = 23*k + 22. Let l be q(12). Suppose -8*a + l - 26 = 0. What is the units digit of a?
4
Suppose 170*z = 178*z - 3984. What is the units digit of z?
8
Let l(c) = -170*c - 696. What is the hundreds digit of l(-10)?
0
Suppose -n + 0*n + 504 = -q, -4*n + 2*q + 2006 = 0. What is the units digit of n?
9
Let t = 26 - 20. Suppose t*h = h + 95. Suppose -a + 46 + h = 0. What is the units digit of a?
5
Let t(z) = -z**3 + 31*z**2 + 2*z - 11. What is the units digit of t(-5)?
9
Let q(x) = 4*x**3 - 17*x**2 + 22*x - 3. What is the tens digit of q(10)?
1
Suppose -4*a - 107 = 3*t, 6*t - 4*t - 105 = 5*a. Let c be (a - -5)/(6/(-4)). Suppose -3*w + 54 = -c. What is the tens digit of w?
2
Suppose 5*w - 4016 + 1236 = 0. What is the tens digit of w?
5
Let o = -11 - -19. Suppose -12 = 5*y - o*y. Suppose 37 = r + t, y*r + r - 2*t - 213 = 0. What is the units digit of r?
1
Suppose 4*o - 1 = -5*j, -j + 3*o + 6 - 2 = 0. What is the tens digit of (-230)/(-6) + j + (-2)/6?
3
Let n(c) = -11*c + 1. Let p(d) = -23*d + 1. Let v(m) = -11*n(m) + 6*p(m). Suppose -8 = k + 3*o, 5*k - 2*o - 9 + 15 = 0. What is the units digit of v(k)?
9
Suppose -z + 4*q = 7*q - 22, -q - 6 = -z. Let h(d) = d**2 + 6*d + 6. Let r be h(z). Suppose 6*x + 28 = r. What is the tens digit of x?
2
Suppose 4*t - 13*t + 9846 = 0. What is the units digit of t?
4
Let m = 8 + -10. Let f be 2/(-4)*36/m. Let c = 2 + f. What is the units digit of c?
1
What is the tens digit of (-4227)/(-7) - (6 + 72/(-14))?
0
What is the units digit of -28*(1172/(-16) - -9)?
9
Suppose 0 = -2*y + 6*y + 12. Let v(i) = -i**3 - i**2 + 4*i + 4. Let c be v(y). What is the units digit of 22 - 1 - (12 - c)?
9
Let h(s) = -s**2 + 2*s - 56. Let j be h(0). Let m = j + 35. Let g = m + 36. What is the tens digit of g?
1
Let c(g) = -g**3 - 28*g**2 - 50*g + 84. What is the tens digit of c(-28)?
8
Let k = -87 - -217. What is the hundreds digit of k?
1
Suppose -3*g - 302 = -5*u, 0*u - 178 = -3*u + g. What is the tens digit of u?
5
Let c(q) = -q + 6. Let d be c(6). Suppose d = 4*r - 3*f - 24, -2*f + 1 = 3*r - 0*r. What is the units digit of 1*37/3*r?
7
Suppose -1229 = -5*x + 2*p + 105, -x - 3*p + 277 = 0. What is the tens digit of x?
6
Let c(u) = u + 2. Let i be c(-10). Let k(y) = 8*y + 70. What is the units digit of k(i)?
6
Suppose -5*n + 3*f = -43, 5*n - 4*n + 5 = 4*f. What is the tens digit of n?
1
Let h be (-12)/20 + ((-16)/(-10))/1. What is the units digit of h + 126 - (0 + 1 + -1)?
7
What is the units digit of (-15 + 12)*10280/(-15)?
6
Suppose -5*z + 34 + 71 = 0. What is the tens digit of z?
2
Let t(l) be the second derivative of l**4/12 + l**3/3 + l**2/2 - 2*l. Let x be t(-1). What is the tens digit of (-13)/2*(x - 8)?
5
Let u = -572 + 627. Let g(c) = -2*c - 7. Let o be g(6). Let h = o + u. What is the tens digit of h?
3
Suppose -4*q + 6843 = -997. What is the thousands digit of q?
1
Let y = -46 + 63. Let x = 80 - y. What is the units digit of x?
3
Let x be (46/(-6))/((-11)/132). Suppose v = -2, 3*y - 2*v = -v + x. What is the units digit of y?
0
Suppose -5*h = -3*p - 2420, -2*h = -4*h - 2*p + 952. What is the hundreds digit of h?
4
Let u = 4 - -1. Suppose -4*t - u*o - 61 = -304, -4*t + 3*o = -251. What is the units digit of t?
2
Suppose 0 = -2*r - 0 + 12. Suppose 0 = -r*p + 5*p + 53. What is the units digit of p?
3
Suppose -20*b = -2638 - 1462. What is the tens digit of b?
0
Let t = -410 - -757. What is the hundreds digit of t?
3
Let z = -19 + 27. Let h = z + -1. Suppose 9*d - 56 = h*d. What is the tens digit of d?
2
Let g = -1009 + 1980. What is the hundreds digit of g?
9
Suppose -5*d - 2*w = -9, -d + 0*w = -5*w - 18. Suppose -2*b = -d*s + 31, -s + 0 = b + 3. What is the tens digit of (74/b)/(3/(-12))?
3
What is the hundreds digit of (-4)/5*((-16988)/8 + 6)?
6
Let p = 293 - -238. What is the tens digit of p?
3
Let j(l) = l**2 - 5*l + 6. Let s be (-6 + (-1)/(-1))*1. What is the units digit of j(s)?
6
Suppose -i - 3*q = -89, -2*q = 4*i - 51 - 315. What is the units digit of i?
2
Suppose -4*p + 6361 = 3*n, p - 3*n + 7*n = 1600. What is the thousands digit of p?
1
Let k be 1 + 0 + (-30)/(-6). Let x be (-3 + 60)/(k/(-4)). Let h = x + 68. What is the units digit of h?
0
Suppose -2*u + 0 + 152 = 4*s, -3*u + 84 = 2*s. Suppose -48 = -2*l - 4*x, 0 = 2*l + x + 3 - s. What is the units digit of l?
4
Suppose 17*j + 6 = 18*j. Let q be (-1)/((6/(-3))/6). What is the units digit of ((-86)/(-4))/(q/j)?
3
Let i(t) = -25*t + 15. Suppose 2*c + v + 10 = -3, 3*c = 5*v + 13. What is the tens digit of i(c)?
1
Let m(w) = 7*w + 1. Let o be m(1). Let a(y) = y**3 - 7*y**2 - 12*y + 7. Let j be a(o). What is the units digit of (-80)/j + (-1)/5?
3
Let j = -358 - -686. Suppose 2*m + 2*m = j. What is the units digit of m?
2
Suppose -4*y + 7*y = -36. Suppose -5*w = -q + 143, -q - 57 = 3*w + 32. Let n = y - w. What is the tens digit of n?
1
Suppose -4*q + 1423 = h, h - 749 - 674 = -2*q. What is the units digit of h?
3
Let t(h) = 6*h - 8*h**3 - 3 - 6*h**2 + 4*h**3 - 5*h. What is the tens digit of t(-3)?
4
Suppose -1604 = 6*q - 4322. What is the units digit of q?
3
Suppose 3*j - 3*m = 2*j - 13, 0 = -3*j - m + 11. Suppose 4*c = -j*c + 198. What is the tens digit of c?
3
Suppose 3*y + 0*y - 3*m - 6 = 0, 0 = m - 4. What is the units digit of y/(-10) + 4660/100?
6
Let a(c) = 6*c**3 + c**2 + 11*c + 21. Let s(l) = l**3 - l**2 - l + 1. Let k(f) = -a(f) + 5*s(f). What is the tens digit of k(-7)?
4
Suppose 10*n = n + 549. Suppose -h = w - n, 5*w - w - 229 = h. What is the units digit of w?
8
What is the hundreds digit of 384*72/(-48)*3/(-2)?
8
Let k(t) = -t**3 + 11*t**2 + 15*t + 8. Let n be k(12). Let s(z) = -50*z - 36. Let v(o) = 7*o + 5. Let w(u) = n*v(u) + 6*s(u). What is the tens digit of w(7)?
6
Suppose -3*b = -7 - 2. Let q be (4 - 5) + b + 3. Suppose -38 - 187 = -q*i. What is the tens digit of i?
4
Let k be 698/(-26) - (-18)/(-117). Let j be (-2)/(3 + (0 - 1)) - -53. Let p = j + k. What is the units digit of p?
5
Let u = -1375 - -2472. What is the hundreds digit of u?
0
Let a be (-1)/(5/2)*-5. Suppose a*w = -l + 146, 0 = -5*l - 0*w + 4*w + 660. What is the units digit of l?
6
What is the tens digit of 77748/54 - 1 - 2/(-9)?
3
Suppose 0*p + 9 = -3*p. Let o be (68/(-12) - p)*-36. Suppose -21 = 5*s - o. What is the tens digit of s?
1
Let r be 5 - 1 - -1 - 5. Suppose r = 5*d - 68 - 272. What is the units digit of d?
8
Let u = 77 - 77. Suppose 2*q + 3*q - 5*i = 1105, q + 3*i - 241 = u. What is the tens digit of q?
2
Let w be (2/4)/(27/(-1566)). Let x(l) = -l**3 - 29*l**2 - 8*l + 30. What is the hundreds digit of x(w)?
2
Suppose 9*b = 3*b + 2430. Suppose 0*i - a = 3*i - 302, -4*i + b = -a. What is the hundreds digit of i?
1
Suppose -58 = 5*z - 7*z. Suppose 6*c - 2*c + 3*u - z = 0, 3*c - 18 = -3*u. What is the tens digit of c?
1
Let a(t) = -t. Let s(u) = -2*u + 12. Let i(m) = -3*a(m) - s(m). Let n be ((-24)/((-2)/(-1)))/(-2). What is the units digit of i(n)?
8
Let d(z) = z**3 - 36*z**2 - 25*z + 46*z**2 + 11 + 10*z. What is the units digit of d(-11)?
5
Let x be (-1)/(-2)*(8 + -2). Suppose -5*w + 187 = 3*f - 192, -x*w + 2*f = -216. What is the tens digit of w?
7
Let t(n) = 4*n - 7. Let k be t(2). Let c(f) = 55*f**2 - 1. What is the units digit of c(k)?
4
Let g = -6 + 9. Suppose g*t + t + 3*p - 80 = 0, 0 = -5*t - 3*p + 100. What is the tens digit of t?
2
Let r = -1567 - -2337. What is the tens digit of r?
7
What is the tens digit of -5 + (632/(-1))/(-2)?
1
Let g(y) = 66*y - 35. Let x be g(2). Suppose 4*c + 16 = -204. Let v = x + c. What is the units digit of v?
2
Let m(i) = -i**3 + i**2 - 5*i - 7. Let k be m(3). Let q = -7 - k. What is the tens digit of q?
3
Let s = -3 - -7. Suppose -s*i - 6 = -2*k + 10, 3*k - i - 9 = 0. What is the units digit of k?
2
Let n(c) = -3*c - 21. Let g be n(-9). Suppose -3*m = -297 - g. Suppose -4*f + 27 = 2*r - m, -3*f = 2*r - 98. What is the tens digit of f?
3
Let t(m) = -m**2 - 5*m - 2. Let k be t(-3). Let c be 1*((-140)/(-4) + k). Suppose 0 = 2*x - 5*q - 11 - 22, -2*x + 3*q + c = 0. What is the units digit of x?
4
Suppose -5*o = 1605 - 5205. What is the units digit of o?
0
Let m = 10 + -16. What is the units digit of (-3116)/(-10) - (m - 140/(-25))?
2
S